
Does 58 divide 99035000?
True
Is 1730012883 a multiple of 969?
False
Is 129409290 a multiple of 18?
True
Does 851 divide 71769085?
True
Does 13 divide 4151863356?
False
Is 2774289828 a multiple of 3794?
False
Is 54 a factor of 14881024?
False
Does 1308 divide 160134516?
True
Is 431840420 a multiple of 55?
True
Does 4103 divide 198756886?
False
Does 173 divide 66480440?
True
Is 1112715923 a multiple of 413?
False
Is 25 a factor of 538807000?
True
Is 54583776 a multiple of 549?
True
Is 519 a factor of 203573270?
False
Is 9722308 a multiple of 58?
True
Does 662 divide 1757497460?
True
Is 7171799 a multiple of 147?
False
Is 385 a factor of 428425612?
False
Does 48 divide 314482091?
False
Is 56833880 a multiple of 11?
False
Is 34255374 a multiple of 167?
True
Is 478 a factor of 117151586?
True
Is 125903646 a multiple of 998?
False
Is 116826367 a multiple of 1799?
False
Does 2647 divide 4421338?
False
Does 1039 divide 2890254?
False
Is 1352 a factor of 823715464?
True
Does 12 divide 733200?
True
Does 8 divide 588349206?
False
Does 1436 divide 1082959400?
True
Is 558520715 a multiple of 1586?
False
Does 4 divide 140512900?
True
Is 7 a factor of 40636388?
False
Does 210 divide 24387090?
True
Is 1190495763 a multiple of 37?
False
Does 238 divide 1995139673?
False
Is 487 a factor of 24248196?
False
Is 63631977 a multiple of 2549?
False
Is 48 a factor of 16831392?
True
Is 606600764 a multiple of 209?
True
Is 339227136 a multiple of 128?
True
Does 487 divide 8250754?
True
Is 8 a factor of 171922088?
True
Does 92 divide 40804208?
True
Does 121 divide 4347022?
False
Is 15629805 a multiple of 45?
True
Is 88555592 a multiple of 21?
False
Is 573 a factor of 462055167?
True
Does 2781 divide 265913658?
True
Is 98372601 a multiple of 59?
False
Is 344 a factor of 285889800?
True
Is 27 a factor of 7436838?
False
Does 25 divide 287390793?
False
Is 285 a factor of 573141673?
False
Is 50437119 a multiple of 338?
False
Does 1042 divide 268575500?
True
Is 186 a factor of 75511536?
True
Is 30228855 a multiple of 15?
True
Is 72014550 a multiple of 180?
False
Is 4771002 a multiple of 37?
True
Is 1007729458 a multiple of 3819?
False
Does 259 divide 50762446?
True
Is 638452 a multiple of 229?
True
Is 18031309 a multiple of 38?
False
Is 171117495 a multiple of 13?
False
Is 1057 a factor of 11495786?
False
Is 373039 a multiple of 4?
False
Is 201 a factor of 31968246?
True
Is 15263885 a multiple of 455?
True
Does 1754 divide 166410750?
True
Is 14 a factor of 111599514?
False
Does 107 divide 22343205?
True
Is 2022 a factor of 111169560?
True
Is 20 a factor of 28571081?
False
Is 186 a factor of 24240583?
False
Does 307 divide 1236558111?
False
Does 1095 divide 95230893?
False
Is 4226 a factor of 85106766?
False
Is 6642357 a multiple of 58?
False
Is 8 a factor of 894271187?
False
Is 74 a factor of 3005510?
True
Is 3242 a factor of 11460470?
True
Is 1865 a factor of 7127728?
False
Is 29933696 a multiple of 1527?
False
Is 123 a factor of 79268088?
True
Is 19 a factor of 563025271?
True
Is 187 a factor of 342739771?
True
Does 1699 divide 168524308?
False
Does 2855 divide 122259?
False
Does 228 divide 31810403?
False
Is 72 a factor of 37008729?
False
Does 32 divide 131620832?
True
Is 4511710 a multiple of 4?
False
Is 563 a factor of 1536532?
False
Is 242 a factor of 43737386?
True
Is 2482 a factor of 99912910?
True
Is 2 a factor of 42301275?
False
Is 1954007 a multiple of 407?
True
Does 268 divide 579687976?
False
Is 2093635781 a multiple of 137?
True
Is 16 a factor of 26042992?
True
Is 11 a factor of 14542585?
False
Does 15 divide 321172035?
True
Is 48 a factor of 1703695248?
True
Is 679764946 a multiple of 1414?
True
Is 15 a factor of 617862627?
False
Is 679 a factor of 19029755?
False
Is 53610115 a multiple of 83?
True
Is 139 a factor of 63581934?
False
Is 27577833 a multiple of 150?
False
Is 29 a factor of 886016?
False
Is 1736797 a multiple of 3?
False
Is 2294863870 a multiple of 46?
True
Is 11 a factor of 5085239?
False
Does 785 divide 190537555?
True
Is 4309332 a multiple of 12?
True
Does 82 divide 115719630?
True
Is 10 a factor of 50203010?
True
Is 144062560 a multiple of 160?
True
Does 755 divide 2647790?
False
Does 110 divide 246954840?
True
Does 11 divide 875955989?
False
Is 3015697 a multiple of 2?
False
Is 843 a factor of 28272849?
False
Does 22 divide 121759902?
True
Is 32985629 a multiple of 436?
False
Does 1841 divide 587838664?
True
Is 139 a factor of 140797748?
False
Is 61829174 a multiple of 717?
False
Is 7 a factor of 1330606578?
True
Is 123 a factor of 40654821?
True
Does 2307 divide 12270933?
True
Is 1974969841 a multiple of 223?
True
Does 375 divide 140552636?
False
Does 73 divide 14678256?
True
Does 500 divide 2225126500?
True
Is 5 a factor of 28915970?
True
Does 1751 divide 60966318?
True
Is 6875 a factor of 678859655?
False
Is 131432022 a multiple of 47?
True
Does 36 divide 2376320493?
False
Does 5 divide 240571055?
True
Does 788 divide 13563844?
True
Is 79237536 a multiple of 976?
True
Does 29 divide 372272768?
True
Is 1962 a factor of 397940688?
True
Is 2503910828 a multiple of 793?
False
Is 16 a factor of 131477616?
True
Is 3552552 a multiple of 12?
True
Is 15467 a factor of 3894265793?
True
Does 7 divide 23265963?
True
Does 2389 divide 1342829602?
False
Does 160 divide 128918348?
False
Is 373 a factor of 9361238?
False
Is 593787509 a multiple of 4?
False
Is 498 a factor of 33758116?
False
Is 2031 a factor of 93413814?
True
Is 1046523632 a multiple of 9226?
True
Is 89806897 a multiple of 44?
False
Is 880056 a multiple of 8?
True
Is 9352100 a multiple of 164?
True
Is 816425981 a multiple of 246?
False
Does 3893 divide 139829120?
False
Does 24 divide 41588088?
True
Is 496 a factor of 328485467?
False
Is 12 a factor of 219228426?
False
Is 21137774 a multiple of 14?
True
Is 1138 a factor of 371975674?
False
Is 3575 a factor of 1226557475?
True
Is 70 a factor of 403836989?
False
Is 75457712 a multiple of 176?
True
Is 106407233 a multiple of 412?
False
Is 1737 a factor of 89476344?
True
Does 925 divide 53131346?
False
Is 86 a factor of 45743709?
False
Does 1358 divide 118285497?
False
Is 67566115 a multiple of 43?
True
Does 959 divide 157552192?
True
Is 20 a factor of 11309780?
True
Is 13340223 a multiple of 741?
True
Is 1489 a factor of 31495328?
True
Is 13 a factor of 206273275?
True
Is 5651854 even?
True
Is 426122021 a multiple of 30?
False
Is 1284 a factor of 13645105?
False
Does 1626 divide 29447419?
False
Does 11 divide 274067266?
True
Is 2663 a factor of 7770634?
True
Is 6 a factor of 56254677?
False
Does 36 divide 78041316?
False
Is 279550554 a multiple of 321?
True
Is 29 a factor of 27656563?
False
Is 82 a factor of 15522354?
True
Is 5497253 a multiple of 669?
False
Does 431 divide 32044850?
True
Does 31 divide 570471641?
True
Is 139348825 a multiple of 275?
True
Is 201596897 a multiple of 40?
False
Does 45 divide 24740370?
True
Is 44 a factor of 4903580?
True
Does 24 divide 37601928?
True
Is 1789 a factor of 1408283477?
False
Does 121 divide 32117201?
False
Is 7308491435 a multiple of 305?
True
Is 109508581 a multiple of 163?
False
Is 150098608 a multiple of 44?
True
Does 2893 divide 182704522?
True
Is 117 a factor of 5390541?
True
Does 188 divide 401259865?
False
Is 5797907412 a multiple of 22?
True
Is 104440654 a multiple of 426?
False
Does 9 divide 8354174?
False
Is 65994405 a multiple of 148?
False
Is 49053046 a multiple of 75?
False
Is 221608151 a multiple of 169?
False
Is 16 a factor of 18317372?
False
Is 10 a factor of 260357129?
False
Is 693 a factor of 12537756?
True
Is 595 a factor of 52711050?
True
Is 1041 a factor of 95752221?
True
Is 166283240 a multiple of 2?
True
Does 314 divide 9906317?
False
Is 141998169 a multiple of 19?
False
Is 320374152 a multiple of 72?
True
Does 87 divide 27865491?
True
Is 1987596000 a multiple of 2015?
True
Is 3 a factor of 69182?
False
Does 1409 divide 124414944?
False
Is 98 a factor of 1866132954?
True
Is 219591617 a multiple of 251?
True
Is 29702074 a multiple of 4809?
False
Does 12 divide 20358420?
True
Does 4966 divide 2057091010?
True
Is 333787 a multiple of 50?
False
Does 1940 divide 1707410?
False
Is 6321 a factor of 81787419?
True
Does 1629 divide 337044987?
True
Is 1022432928 a multiple of 27?
Fa